{"id":1641,"date":"2022-08-01T16:11:28","date_gmt":"2022-08-01T14:11:28","guid":{"rendered":"https:\/\/www.lesamisdegrandrif.fr\/?page_id=1641"},"modified":"2022-08-01T16:21:01","modified_gmt":"2022-08-01T14:21:01","slug":"loto-dete-2022","status":"publish","type":"page","link":"https:\/\/www.lesamisdelajarpe.fr\/index.php\/loto-dete-2022\/","title":{"rendered":"Loto d&rsquo;\u00e9t\u00e9 2022"},"content":{"rendered":"<p>Dimanche 31 juillet<\/p>\n<p><img loading=\"lazy\" decoding=\"async\" class=\"aligncenter size-full wp-image-1651\" src=\"https:\/\/www.lesamisdegrandrif.fr\/wp-content\/uploads\/2022\/08\/Banderolle.jpg\" alt=\"\" width=\"484\" height=\"559\" srcset=\"https:\/\/www.lesamisdelajarpe.fr\/wp-content\/uploads\/2022\/08\/Banderolle.jpg 484w, https:\/\/www.lesamisdelajarpe.fr\/wp-content\/uploads\/2022\/08\/Banderolle-260x300.jpg 260w\" sizes=\"auto, (max-width: 484px) 100vw, 484px\" \/><\/p>\n<p><img loading=\"lazy\" decoding=\"async\" class=\"aligncenter wp-image-1645\" src=\"https:\/\/www.lesamisdegrandrif.fr\/wp-content\/uploads\/2022\/08\/Resized_20220731_152119001.jpg\" alt=\"\" width=\"672\" height=\"504\" srcset=\"https:\/\/www.lesamisdelajarpe.fr\/wp-content\/uploads\/2022\/08\/Resized_20220731_152119001.jpg 960w, https:\/\/www.lesamisdelajarpe.fr\/wp-content\/uploads\/2022\/08\/Resized_20220731_152119001-300x225.jpg 300w, https:\/\/www.lesamisdelajarpe.fr\/wp-content\/uploads\/2022\/08\/Resized_20220731_152119001-768x576.jpg 768w, https:\/\/www.lesamisdelajarpe.fr\/wp-content\/uploads\/2022\/08\/Resized_20220731_152119001-800x600.jpg 800w\" sizes=\"auto, (max-width: 672px) 100vw, 672px\" \/><\/p>\n<p><img loading=\"lazy\" decoding=\"async\" class=\"aligncenter wp-image-1644\" src=\"https:\/\/www.lesamisdegrandrif.fr\/wp-content\/uploads\/2022\/08\/Resized_20220731_1522381.jpg\" alt=\"\" width=\"672\" height=\"504\" srcset=\"https:\/\/www.lesamisdelajarpe.fr\/wp-content\/uploads\/2022\/08\/Resized_20220731_1522381.jpg 960w, https:\/\/www.lesamisdelajarpe.fr\/wp-content\/uploads\/2022\/08\/Resized_20220731_1522381-300x225.jpg 300w, https:\/\/www.lesamisdelajarpe.fr\/wp-content\/uploads\/2022\/08\/Resized_20220731_1522381-768x576.jpg 768w, https:\/\/www.lesamisdelajarpe.fr\/wp-content\/uploads\/2022\/08\/Resized_20220731_1522381-800x600.jpg 800w\" sizes=\"auto, (max-width: 672px) 100vw, 672px\" \/><\/p>\n<p><img loading=\"lazy\" decoding=\"async\" class=\"aligncenter wp-image-1652\" src=\"https:\/\/www.lesamisdegrandrif.fr\/wp-content\/uploads\/2022\/08\/Resized_20220731_152201.jpg\" alt=\"\" width=\"671\" height=\"504\" srcset=\"https:\/\/www.lesamisdelajarpe.fr\/wp-content\/uploads\/2022\/08\/Resized_20220731_152201.jpg 960w, https:\/\/www.lesamisdelajarpe.fr\/wp-content\/uploads\/2022\/08\/Resized_20220731_152201-300x225.jpg 300w, https:\/\/www.lesamisdelajarpe.fr\/wp-content\/uploads\/2022\/08\/Resized_20220731_152201-768x576.jpg 768w, https:\/\/www.lesamisdelajarpe.fr\/wp-content\/uploads\/2022\/08\/Resized_20220731_152201-800x600.jpg 800w\" sizes=\"auto, (max-width: 671px) 100vw, 671px\" \/><\/p>\n<p>&nbsp;<\/p>\n<p>Les passionn\u00e9s ont brav\u00e9 la chaleur en ce d\u00e9but d&rsquo;apr\u00e8s-midi pour se retrouver \u00e0 la salle communale.<\/p>\n<p>Une belle assistance et de beaux lots ont fait de cette manifestation une r\u00e9ussite.<\/p>\n<p>Un grand merci \u00e0 tous.<\/p>\n","protected":false},"excerpt":{"rendered":"<p>Dimanche 31 juillet &nbsp; Les passionn\u00e9s ont brav\u00e9 la chaleur en ce d\u00e9but d&rsquo;apr\u00e8s-midi pour se retrouver \u00e0 la salle communale. Une belle assistance et de beaux lots ont fait de cette manifestation une r\u00e9ussite. Un grand merci \u00e0 tous.<\/p>\n","protected":false},"author":2,"featured_media":0,"parent":0,"menu_order":0,"comment_status":"closed","ping_status":"closed","template":"","meta":{"_seopress_robots_primary_cat":"","_seopress_titles_title":"","_seopress_titles_desc":"","_seopress_robots_index":"","_mc_calendar":[],"footnotes":""},"class_list":["post-1641","page","type-page","status-publish","hentry"],"_links":{"self":[{"href":"https:\/\/www.lesamisdelajarpe.fr\/index.php\/wp-json\/wp\/v2\/pages\/1641","targetHints":{"allow":["GET"]}}],"collection":[{"href":"https:\/\/www.lesamisdelajarpe.fr\/index.php\/wp-json\/wp\/v2\/pages"}],"about":[{"href":"https:\/\/www.lesamisdelajarpe.fr\/index.php\/wp-json\/wp\/v2\/types\/page"}],"author":[{"embeddable":true,"href":"https:\/\/www.lesamisdelajarpe.fr\/index.php\/wp-json\/wp\/v2\/users\/2"}],"replies":[{"embeddable":true,"href":"https:\/\/www.lesamisdelajarpe.fr\/index.php\/wp-json\/wp\/v2\/comments?post=1641"}],"version-history":[{"count":4,"href":"https:\/\/www.lesamisdelajarpe.fr\/index.php\/wp-json\/wp\/v2\/pages\/1641\/revisions"}],"predecessor-version":[{"id":1653,"href":"https:\/\/www.lesamisdelajarpe.fr\/index.php\/wp-json\/wp\/v2\/pages\/1641\/revisions\/1653"}],"wp:attachment":[{"href":"https:\/\/www.lesamisdelajarpe.fr\/index.php\/wp-json\/wp\/v2\/media?parent=1641"}],"curies":[{"name":"wp","href":"https:\/\/api.w.org\/{rel}","templated":true}]}}