{"id":44,"date":"2019-03-26T10:32:25","date_gmt":"2019-03-26T09:32:25","guid":{"rendered":"https:\/\/www.lesamisdegrandrif.fr\/?page_id=44"},"modified":"2025-04-02T12:20:59","modified_gmt":"2025-04-02T10:20:59","slug":"la-jarpe","status":"publish","type":"page","link":"https:\/\/www.lesamisdelajarpe.fr\/index.php\/la-jarpe\/","title":{"rendered":"La Jarpe"},"content":{"rendered":"<hr \/>\n<p><img loading=\"lazy\" decoding=\"async\" class=\"aligncenter size-full wp-image-2108\" src=\"https:\/\/www.lesamisdegrandrif.fr\/wp-content\/uploads\/2025\/03\/Buste-Marianne.jpg\" alt=\"\" width=\"900\" height=\"1600\" srcset=\"https:\/\/www.lesamisdelajarpe.fr\/wp-content\/uploads\/2025\/03\/Buste-Marianne.jpg 900w, https:\/\/www.lesamisdelajarpe.fr\/wp-content\/uploads\/2025\/03\/Buste-Marianne-169x300.jpg 169w, https:\/\/www.lesamisdelajarpe.fr\/wp-content\/uploads\/2025\/03\/Buste-Marianne-576x1024.jpg 576w, https:\/\/www.lesamisdelajarpe.fr\/wp-content\/uploads\/2025\/03\/Buste-Marianne-768x1365.jpg 768w, https:\/\/www.lesamisdelajarpe.fr\/wp-content\/uploads\/2025\/03\/Buste-Marianne-864x1536.jpg 864w, https:\/\/www.lesamisdelajarpe.fr\/wp-content\/uploads\/2025\/03\/Buste-Marianne-800x1422.jpg 800w\" sizes=\"auto, (max-width: 900px) 100vw, 900px\" \/><\/p>\n<p>&nbsp;<\/p>\n<p><img loading=\"lazy\" decoding=\"async\" class=\"aligncenter wp-image-1694\" src=\"https:\/\/www.lesamisdegrandrif.fr\/wp-content\/uploads\/2020\/02\/La-Montagne-2023-01-1024x836.jpg\" alt=\"\" width=\"1000\" height=\"816\" srcset=\"https:\/\/www.lesamisdelajarpe.fr\/wp-content\/uploads\/2020\/02\/La-Montagne-2023-01-1024x836.jpg 1024w, https:\/\/www.lesamisdelajarpe.fr\/wp-content\/uploads\/2020\/02\/La-Montagne-2023-01-300x245.jpg 300w, https:\/\/www.lesamisdelajarpe.fr\/wp-content\/uploads\/2020\/02\/La-Montagne-2023-01-768x627.jpg 768w, https:\/\/www.lesamisdelajarpe.fr\/wp-content\/uploads\/2020\/02\/La-Montagne-2023-01-1536x1255.jpg 1536w, https:\/\/www.lesamisdelajarpe.fr\/wp-content\/uploads\/2020\/02\/La-Montagne-2023-01-2048x1673.jpg 2048w, https:\/\/www.lesamisdelajarpe.fr\/wp-content\/uploads\/2020\/02\/La-Montagne-2023-01-800x653.jpg 800w\" sizes=\"auto, (max-width: 1000px) 100vw, 1000px\" \/><\/p>\n<p><strong>\u00a0 \u00a0 \u00a0 \u00a0 \u00a0 \u00a0 \u00a0 \u00a0 \u00a0 \u00a0 \u00a0 \u00a0 \u00a0 \u00a0 \u00a0 \u00a0 \u00a0 \u00a0 \u00a0 \u00a0 \u00a0 \u00a0 \u00a0 \u00a0 \u00a0 \u00a0 \u00a0 \u00a0 \u00a0 \u00a0 \u00a0La Montagne 15-01-2023<\/strong><\/p>\n<p>&nbsp;<\/p>\n<p><strong>Les Amis de Grandrif et la source de La Jarpe au village de la cyclo Les Copains-Cyfac les 2 et 3 juillet 2022 :<\/strong><\/p>\n<p><img loading=\"lazy\" decoding=\"async\" class=\"wp-image-1590 alignleft\" src=\"https:\/\/www.lesamisdegrandrif.fr\/wp-content\/uploads\/2020\/07\/Copains_20220702_191420.jpg\" alt=\"\" width=\"439\" height=\"329\" srcset=\"https:\/\/www.lesamisdelajarpe.fr\/wp-content\/uploads\/2020\/07\/Copains_20220702_191420.jpg 960w, https:\/\/www.lesamisdelajarpe.fr\/wp-content\/uploads\/2020\/07\/Copains_20220702_191420-300x225.jpg 300w, https:\/\/www.lesamisdelajarpe.fr\/wp-content\/uploads\/2020\/07\/Copains_20220702_191420-768x576.jpg 768w, https:\/\/www.lesamisdelajarpe.fr\/wp-content\/uploads\/2020\/07\/Copains_20220702_191420-800x600.jpg 800w\" sizes=\"auto, (max-width: 439px) 100vw, 439px\" \/><\/p>\n<p><img loading=\"lazy\" decoding=\"async\" class=\"wp-image-1589 alignright\" src=\"https:\/\/www.lesamisdegrandrif.fr\/wp-content\/uploads\/2020\/07\/CCC22-jarpe-1024x683.jpg\" alt=\"\" width=\"487\" height=\"324\" srcset=\"https:\/\/www.lesamisdelajarpe.fr\/wp-content\/uploads\/2020\/07\/CCC22-jarpe-1024x683.jpg 1024w, https:\/\/www.lesamisdelajarpe.fr\/wp-content\/uploads\/2020\/07\/CCC22-jarpe-300x200.jpg 300w, https:\/\/www.lesamisdelajarpe.fr\/wp-content\/uploads\/2020\/07\/CCC22-jarpe-768x512.jpg 768w, https:\/\/www.lesamisdelajarpe.fr\/wp-content\/uploads\/2020\/07\/CCC22-jarpe-800x533.jpg 800w, https:\/\/www.lesamisdelajarpe.fr\/wp-content\/uploads\/2020\/07\/CCC22-jarpe.jpg 1500w\" sizes=\"auto, (max-width: 487px) 100vw, 487px\" \/><\/p>\n<p><img loading=\"lazy\" decoding=\"async\" class=\"wp-image-1591 alignnone\" src=\"https:\/\/www.lesamisdegrandrif.fr\/wp-content\/uploads\/2020\/07\/Copains_20220703_155658.jpg\" alt=\"\" width=\"543\" height=\"407\" srcset=\"https:\/\/www.lesamisdelajarpe.fr\/wp-content\/uploads\/2020\/07\/Copains_20220703_155658.jpg 960w, https:\/\/www.lesamisdelajarpe.fr\/wp-content\/uploads\/2020\/07\/Copains_20220703_155658-300x225.jpg 300w, https:\/\/www.lesamisdelajarpe.fr\/wp-content\/uploads\/2020\/07\/Copains_20220703_155658-768x576.jpg 768w, https:\/\/www.lesamisdelajarpe.fr\/wp-content\/uploads\/2020\/07\/Copains_20220703_155658-800x600.jpg 800w\" sizes=\"auto, (max-width: 543px) 100vw, 543px\" \/><\/p>\n<p><img loading=\"lazy\" decoding=\"async\" class=\"aligncenter size-full wp-image-1574\" src=\"https:\/\/www.lesamisdegrandrif.fr\/wp-content\/uploads\/2020\/07\/fin-chantier.jpg\" alt=\"\" width=\"225\" height=\"225\" srcset=\"https:\/\/www.lesamisdelajarpe.fr\/wp-content\/uploads\/2020\/07\/fin-chantier.jpg 225w, https:\/\/www.lesamisdelajarpe.fr\/wp-content\/uploads\/2020\/07\/fin-chantier-150x150.jpg 150w\" sizes=\"auto, (max-width: 225px) 100vw, 225px\" \/><\/p>\n<p><strong>Les travaux de r\u00e9fection du mur de sout\u00e8nement sont termin\u00e9s. <\/strong><\/p>\n<p><strong>L&rsquo;acc\u00e8s \u00e0 la source de La Jarpe est maintenant r\u00e9tabli.<\/strong><\/p>\n<p>&nbsp;<\/p>\n<p><img loading=\"lazy\" decoding=\"async\" class=\"wp-image-1576 alignleft\" src=\"https:\/\/www.lesamisdegrandrif.fr\/wp-content\/uploads\/2020\/07\/DSC_0712-1024x681.jpg\" alt=\"\" width=\"515\" height=\"343\" srcset=\"https:\/\/www.lesamisdelajarpe.fr\/wp-content\/uploads\/2020\/07\/DSC_0712-1024x681.jpg 1024w, https:\/\/www.lesamisdelajarpe.fr\/wp-content\/uploads\/2020\/07\/DSC_0712-300x199.jpg 300w, https:\/\/www.lesamisdelajarpe.fr\/wp-content\/uploads\/2020\/07\/DSC_0712-768x511.jpg 768w, https:\/\/www.lesamisdelajarpe.fr\/wp-content\/uploads\/2020\/07\/DSC_0712-1536x1021.jpg 1536w, https:\/\/www.lesamisdelajarpe.fr\/wp-content\/uploads\/2020\/07\/DSC_0712-2048x1362.jpg 2048w, https:\/\/www.lesamisdelajarpe.fr\/wp-content\/uploads\/2020\/07\/DSC_0712-800x532.jpg 800w\" sizes=\"auto, (max-width: 515px) 100vw, 515px\" \/><img loading=\"lazy\" decoding=\"async\" class=\"aligncenter wp-image-1577\" src=\"https:\/\/www.lesamisdegrandrif.fr\/wp-content\/uploads\/2020\/07\/DSC_0714-1024x681.jpg\" alt=\"\" width=\"515\" height=\"343\" srcset=\"https:\/\/www.lesamisdelajarpe.fr\/wp-content\/uploads\/2020\/07\/DSC_0714-1024x681.jpg 1024w, https:\/\/www.lesamisdelajarpe.fr\/wp-content\/uploads\/2020\/07\/DSC_0714-300x199.jpg 300w, https:\/\/www.lesamisdelajarpe.fr\/wp-content\/uploads\/2020\/07\/DSC_0714-768x511.jpg 768w, https:\/\/www.lesamisdelajarpe.fr\/wp-content\/uploads\/2020\/07\/DSC_0714-1536x1021.jpg 1536w, https:\/\/www.lesamisdelajarpe.fr\/wp-content\/uploads\/2020\/07\/DSC_0714-2048x1362.jpg 2048w, https:\/\/www.lesamisdelajarpe.fr\/wp-content\/uploads\/2020\/07\/DSC_0714-800x532.jpg 800w\" sizes=\"auto, (max-width: 515px) 100vw, 515px\" \/><\/p>\n<p><img loading=\"lazy\" decoding=\"async\" class=\"aligncenter wp-image-1578\" src=\"https:\/\/www.lesamisdegrandrif.fr\/wp-content\/uploads\/2020\/07\/DSC_0716-681x1024.jpg\" alt=\"\" width=\"516\" height=\"776\" srcset=\"https:\/\/www.lesamisdelajarpe.fr\/wp-content\/uploads\/2020\/07\/DSC_0716-681x1024.jpg 681w, https:\/\/www.lesamisdelajarpe.fr\/wp-content\/uploads\/2020\/07\/DSC_0716-199x300.jpg 199w, https:\/\/www.lesamisdelajarpe.fr\/wp-content\/uploads\/2020\/07\/DSC_0716-768x1155.jpg 768w, https:\/\/www.lesamisdelajarpe.fr\/wp-content\/uploads\/2020\/07\/DSC_0716-1021x1536.jpg 1021w, https:\/\/www.lesamisdelajarpe.fr\/wp-content\/uploads\/2020\/07\/DSC_0716-1362x2048.jpg 1362w, https:\/\/www.lesamisdelajarpe.fr\/wp-content\/uploads\/2020\/07\/DSC_0716-800x1203.jpg 800w, https:\/\/www.lesamisdelajarpe.fr\/wp-content\/uploads\/2020\/07\/DSC_0716-scaled.jpg 1702w\" sizes=\"auto, (max-width: 516px) 100vw, 516px\" \/><\/p>\n<table style=\"height: 169px; width: 86.1269%; border-collapse: collapse; border-style: double;\" border=\"===\">\n<tbody>\n<tr style=\"height: 169px;\">\n<td style=\"width: 100%; height: 169px; border-color: #ed0909; border-style: double;\"><img loading=\"lazy\" decoding=\"async\" class=\" wp-image-1559 alignleft\" src=\"https:\/\/www.lesamisdegrandrif.fr\/wp-content\/uploads\/2020\/06\/Travaux.jpg\" alt=\"\" width=\"192\" height=\"192\" srcset=\"https:\/\/www.lesamisdelajarpe.fr\/wp-content\/uploads\/2020\/06\/Travaux.jpg 225w, https:\/\/www.lesamisdelajarpe.fr\/wp-content\/uploads\/2020\/06\/Travaux-150x150.jpg 150w\" sizes=\"auto, (max-width: 192px) 100vw, 192px\" \/><\/p>\n<p style=\"text-align: center;\"><span style=\"font-size: 12pt;\"><b>En raison des travaux de r\u00e9fection du mur de <\/b><b>sout\u00e8nement<\/b><b> <\/b><\/span><\/p>\n<p style=\"text-align: center;\"><span style=\"font-size: 12pt;\"><b>\u00e0 proximit\u00e9 de la voute, <\/b><strong style=\"font-family: inherit;\">et pour la s\u00e9curit\u00e9 de tous,<\/strong><\/span><\/p>\n<p style=\"text-align: center;\"><span style=\"text-decoration: underline; font-size: 12pt;\"><strong>L&rsquo;ACCES A LA SOURCE DE LA JARPE SERA INTERDIT DU 13 JUIN AU 2 JUILLET 2022.<\/strong><\/span><\/p>\n<p style=\"text-align: center;\"><strong>Nous mettons tout en \u0153uvre pour limiter la p\u00e9riode d&rsquo;indisponibilit\u00e9 <\/strong><\/p>\n<p style=\"text-align: center;\"><strong>et vous offrir, <\/strong><strong>\u00e0 partir du 3 juillet, un site r\u00e9nov\u00e9.<\/strong><\/p>\n<p style=\"text-align: center;\"><strong>Merci pour votre compr\u00e9hension<\/strong><\/p>\n<p style=\"text-align: center;\"><img loading=\"lazy\" decoding=\"async\" class=\"wp-image-1564 alignleft\" src=\"https:\/\/www.lesamisdegrandrif.fr\/wp-content\/uploads\/2020\/06\/mur2.jpg\" alt=\"\" width=\"468\" height=\"351\" srcset=\"https:\/\/www.lesamisdelajarpe.fr\/wp-content\/uploads\/2020\/06\/mur2.jpg 960w, https:\/\/www.lesamisdelajarpe.fr\/wp-content\/uploads\/2020\/06\/mur2-300x225.jpg 300w, https:\/\/www.lesamisdelajarpe.fr\/wp-content\/uploads\/2020\/06\/mur2-768x576.jpg 768w, https:\/\/www.lesamisdelajarpe.fr\/wp-content\/uploads\/2020\/06\/mur2-800x600.jpg 800w\" sizes=\"auto, (max-width: 468px) 100vw, 468px\" \/><img loading=\"lazy\" decoding=\"async\" class=\"wp-image-1565 alignright\" src=\"https:\/\/www.lesamisdegrandrif.fr\/wp-content\/uploads\/2020\/06\/mur.jpg\" alt=\"\" width=\"468\" height=\"351\" srcset=\"https:\/\/www.lesamisdelajarpe.fr\/wp-content\/uploads\/2020\/06\/mur.jpg 960w, https:\/\/www.lesamisdelajarpe.fr\/wp-content\/uploads\/2020\/06\/mur-300x225.jpg 300w, https:\/\/www.lesamisdelajarpe.fr\/wp-content\/uploads\/2020\/06\/mur-768x576.jpg 768w, https:\/\/www.lesamisdelajarpe.fr\/wp-content\/uploads\/2020\/06\/mur-800x600.jpg 800w\" sizes=\"auto, (max-width: 468px) 100vw, 468px\" \/><\/p>\n<\/td>\n<\/tr>\n<\/tbody>\n<\/table>\n<div><\/div>\n<div>\n<p>&nbsp;<\/p>\n<\/div>\n<p>&nbsp;<\/p>\n<p><img loading=\"lazy\" decoding=\"async\" class=\"wp-image-1534 alignleft\" src=\"https:\/\/www.lesamisdegrandrif.fr\/wp-content\/uploads\/2022\/05\/Resized_20220413_160033.jpg\" alt=\"\" width=\"539\" height=\"404\" srcset=\"https:\/\/www.lesamisdelajarpe.fr\/wp-content\/uploads\/2022\/05\/Resized_20220413_160033.jpg 864w, https:\/\/www.lesamisdelajarpe.fr\/wp-content\/uploads\/2022\/05\/Resized_20220413_160033-300x225.jpg 300w, https:\/\/www.lesamisdelajarpe.fr\/wp-content\/uploads\/2022\/05\/Resized_20220413_160033-768x576.jpg 768w, https:\/\/www.lesamisdelajarpe.fr\/wp-content\/uploads\/2022\/05\/Resized_20220413_160033-800x600.jpg 800w\" sizes=\"auto, (max-width: 539px) 100vw, 539px\" \/><\/p>\n<p><img loading=\"lazy\" decoding=\"async\" class=\"aligncenter wp-image-1533\" src=\"https:\/\/www.lesamisdegrandrif.fr\/wp-content\/uploads\/2022\/05\/Resized_20220413_160141.jpg\" alt=\"\" width=\"540\" height=\"405\" srcset=\"https:\/\/www.lesamisdelajarpe.fr\/wp-content\/uploads\/2022\/05\/Resized_20220413_160141.jpg 960w, https:\/\/www.lesamisdelajarpe.fr\/wp-content\/uploads\/2022\/05\/Resized_20220413_160141-300x225.jpg 300w, https:\/\/www.lesamisdelajarpe.fr\/wp-content\/uploads\/2022\/05\/Resized_20220413_160141-768x576.jpg 768w, https:\/\/www.lesamisdelajarpe.fr\/wp-content\/uploads\/2022\/05\/Resized_20220413_160141-800x600.jpg 800w\" sizes=\"auto, (max-width: 540px) 100vw, 540px\" \/><\/p>\n<p><img loading=\"lazy\" decoding=\"async\" class=\"aligncenter wp-image-1532\" src=\"https:\/\/www.lesamisdegrandrif.fr\/wp-content\/uploads\/2022\/05\/Resized_20220414_163309.jpg\" alt=\"\" width=\"540\" height=\"405\" srcset=\"https:\/\/www.lesamisdelajarpe.fr\/wp-content\/uploads\/2022\/05\/Resized_20220414_163309.jpg 960w, https:\/\/www.lesamisdelajarpe.fr\/wp-content\/uploads\/2022\/05\/Resized_20220414_163309-300x225.jpg 300w, https:\/\/www.lesamisdelajarpe.fr\/wp-content\/uploads\/2022\/05\/Resized_20220414_163309-768x576.jpg 768w, https:\/\/www.lesamisdelajarpe.fr\/wp-content\/uploads\/2022\/05\/Resized_20220414_163309-800x600.jpg 800w\" sizes=\"auto, (max-width: 540px) 100vw, 540px\" \/><\/p>\n<p><strong>Plantation de framboisiers sur le terrain de la source. Tous nos remerciements \u00e0 Th\u00e9r\u00e8se et Jason qui ont offert les plans.<\/strong><\/p>\n<p>&nbsp;<\/p>\n<p>Retrouvez le reportage photos r\u00e9alis\u00e9 \u00e0 La Jarpe par Roger Jourdain :<\/p>\n<p><a href=\"https:\/\/www.rojourdain-photographe.fr\/la-source-de-la-jarpe\/\" target=\"_blank\" rel=\"noopener\">https:\/\/www.rojourdain-photographe.fr\/la-source-de-la-jarpe\/<\/a><\/p>\n<p>&nbsp;<\/p>\n<p><img loading=\"lazy\" decoding=\"async\" class=\"aligncenter wp-image-1076\" src=\"https:\/\/www.lesamisdegrandrif.fr\/wp-content\/uploads\/2020\/08\/Hang-Drum.jpg\" alt=\"\" width=\"569\" height=\"759\" srcset=\"https:\/\/www.lesamisdelajarpe.fr\/wp-content\/uploads\/2020\/08\/Hang-Drum.jpg 720w, https:\/\/www.lesamisdelajarpe.fr\/wp-content\/uploads\/2020\/08\/Hang-Drum-225x300.jpg 225w\" sizes=\"auto, (max-width: 569px) 100vw, 569px\" \/><\/p>\n<p style=\"text-align: center;\"><strong>Hang Drum, un instant de musique \u00e0 La Jarpe<\/strong><\/p>\n<p><img loading=\"lazy\" decoding=\"async\" class=\"aligncenter size-large wp-image-1044\" src=\"https:\/\/www.lesamisdegrandrif.fr\/wp-content\/uploads\/2020\/07\/La-Montagne-Jarpe2-1024x861.jpg\" alt=\"\" width=\"640\" height=\"538\" srcset=\"https:\/\/www.lesamisdelajarpe.fr\/wp-content\/uploads\/2020\/07\/La-Montagne-Jarpe2-1024x861.jpg 1024w, https:\/\/www.lesamisdelajarpe.fr\/wp-content\/uploads\/2020\/07\/La-Montagne-Jarpe2-300x252.jpg 300w, https:\/\/www.lesamisdelajarpe.fr\/wp-content\/uploads\/2020\/07\/La-Montagne-Jarpe2-768x646.jpg 768w, https:\/\/www.lesamisdelajarpe.fr\/wp-content\/uploads\/2020\/07\/La-Montagne-Jarpe2-1536x1292.jpg 1536w, https:\/\/www.lesamisdelajarpe.fr\/wp-content\/uploads\/2020\/07\/La-Montagne-Jarpe2-2048x1723.jpg 2048w, https:\/\/www.lesamisdelajarpe.fr\/wp-content\/uploads\/2020\/07\/La-Montagne-Jarpe2-800x673.jpg 800w\" sizes=\"auto, (max-width: 640px) 100vw, 640px\" \/><\/p>\n<p>La Montagne 10-07-2020<\/p>\n<p>Cliquez sur le lien pour acc\u00e9der \u00e0 l&rsquo;article du journal :<\/p>\n<p><a href=\"https:\/\/www.lamontagne.fr\/grandrif-63600\/loisirs\/legerement-gazeuse-avec-un-gout-ferrugineux-la-longue-renaissance-de-la-source-de-la-jarpe-a-grandrif-puy-de-dome_13810131\/\">https:\/\/www.lamontagne.fr\/grandrif-63600\/loisirs\/legerement-gazeuse-avec-un-gout-ferrugineux-la-longue-renaissance-de-la-source-de-la-jarpe-a-grandrif-puy-de-dome_13810131\/<\/a><\/p>\n<p>&nbsp;<\/p>\n<p><strong>De futurs habitants pour La Jarpe ?<\/strong><\/p>\n<p>&nbsp;<\/p>\n<p><img loading=\"lazy\" decoding=\"async\" class=\"aligncenter size-large wp-image-1001\" src=\"https:\/\/www.lesamisdegrandrif.fr\/wp-content\/uploads\/2020\/05\/DSC_0138-1024x681.jpg\" alt=\"\" width=\"640\" height=\"426\" srcset=\"https:\/\/www.lesamisdelajarpe.fr\/wp-content\/uploads\/2020\/05\/DSC_0138-1024x681.jpg 1024w, https:\/\/www.lesamisdelajarpe.fr\/wp-content\/uploads\/2020\/05\/DSC_0138-300x199.jpg 300w, https:\/\/www.lesamisdelajarpe.fr\/wp-content\/uploads\/2020\/05\/DSC_0138-768x511.jpg 768w, https:\/\/www.lesamisdelajarpe.fr\/wp-content\/uploads\/2020\/05\/DSC_0138-1536x1021.jpg 1536w, https:\/\/www.lesamisdelajarpe.fr\/wp-content\/uploads\/2020\/05\/DSC_0138-2048x1362.jpg 2048w, https:\/\/www.lesamisdelajarpe.fr\/wp-content\/uploads\/2020\/05\/DSC_0138-800x532.jpg 800w\" sizes=\"auto, (max-width: 640px) 100vw, 640px\" \/><\/p>\n<p><img loading=\"lazy\" decoding=\"async\" class=\"aligncenter size-large wp-image-983\" src=\"https:\/\/www.lesamisdegrandrif.fr\/wp-content\/uploads\/2019\/07\/DSC_0121-681x1024.jpg\" alt=\"\" width=\"640\" height=\"962\" srcset=\"https:\/\/www.lesamisdelajarpe.fr\/wp-content\/uploads\/2019\/07\/DSC_0121-681x1024.jpg 681w, https:\/\/www.lesamisdelajarpe.fr\/wp-content\/uploads\/2019\/07\/DSC_0121-199x300.jpg 199w, https:\/\/www.lesamisdelajarpe.fr\/wp-content\/uploads\/2019\/07\/DSC_0121-768x1155.jpg 768w, https:\/\/www.lesamisdelajarpe.fr\/wp-content\/uploads\/2019\/07\/DSC_0121-1021x1536.jpg 1021w, https:\/\/www.lesamisdelajarpe.fr\/wp-content\/uploads\/2019\/07\/DSC_0121-1362x2048.jpg 1362w, https:\/\/www.lesamisdelajarpe.fr\/wp-content\/uploads\/2019\/07\/DSC_0121-800x1203.jpg 800w, https:\/\/www.lesamisdelajarpe.fr\/wp-content\/uploads\/2019\/07\/DSC_0121-scaled.jpg 1702w\" sizes=\"auto, (max-width: 640px) 100vw, 640px\" \/><\/p>\n<p>&nbsp;<\/p>\n<p><img loading=\"lazy\" decoding=\"async\" class=\"aligncenter size-large wp-image-984\" src=\"https:\/\/www.lesamisdegrandrif.fr\/wp-content\/uploads\/2019\/07\/DSC_0120-1024x681.jpg\" alt=\"\" width=\"640\" height=\"426\" srcset=\"https:\/\/www.lesamisdelajarpe.fr\/wp-content\/uploads\/2019\/07\/DSC_0120-1024x681.jpg 1024w, https:\/\/www.lesamisdelajarpe.fr\/wp-content\/uploads\/2019\/07\/DSC_0120-300x199.jpg 300w, https:\/\/www.lesamisdelajarpe.fr\/wp-content\/uploads\/2019\/07\/DSC_0120-768x511.jpg 768w, https:\/\/www.lesamisdelajarpe.fr\/wp-content\/uploads\/2019\/07\/DSC_0120-1536x1021.jpg 1536w, https:\/\/www.lesamisdelajarpe.fr\/wp-content\/uploads\/2019\/07\/DSC_0120-2048x1362.jpg 2048w, https:\/\/www.lesamisdelajarpe.fr\/wp-content\/uploads\/2019\/07\/DSC_0120-800x532.jpg 800w\" sizes=\"auto, (max-width: 640px) 100vw, 640px\" \/><\/p>\n<p>&nbsp;<\/p>\n<p><span style=\"color: #0000ff;\"><strong>N&rsquo;h\u00e9sitez pas \u00e0 soutenir le projet de restauration et d&rsquo;entretien du site de la source de La Jarpe.<\/strong><\/span><\/p>\n<p>&nbsp;<\/p>\n<p>&nbsp;<\/p>\n<p>&nbsp;<\/p>\n<hr \/>\n<p><img loading=\"lazy\" decoding=\"async\" src=\"https:\/\/www.lesamisdegrandrif.fr\/old\/images\/lajarpe\/Notice%20eauxm.jpg\" alt=\"\" width=\"400\" height=\"328\" \/><\/p>\n<p>&nbsp;<\/p>\n<p>Avant 1836, l&rsquo;eau min\u00e9rale naturelle gazeuse de Grandrif \u00e9tait \u00e0 peine connue.<\/p>\n<p>Le colonel du Patural, de Poitiers, en \u00e9tait alors le propri\u00e9taire et, tous les ans, s&rsquo;en faisait exp\u00e9dier quelques bouteilles pour son usage personnel.<\/p>\n<p>C&rsquo;est \u00e0 sa table que le docteur Carr\u00e9 a pu l&rsquo;appr\u00e9cier pour la premi\u00e8re fois. Devant sa saveur agr\u00e9able et ses propri\u00e9t\u00e9s ap\u00e9ritives, il d\u00e9cide d&rsquo;en effectuer une analyse pr\u00e9cise et d\u00e9taill\u00e9e.<\/p>\n<p>La publication des r\u00e9sultats de cette analyse dans le\u00a0<em>Journal de chimie m\u00e9dicale<\/em>\u00a0en septembre 1836 attira l&rsquo;attentioin du professeur H. Lecoq, de Clermont. Apr\u00e8s avoir recueilli quelques bouteilles de cette eau, il en confia une nouvelle analyse \u00e0 M. Baudin, ing\u00e9nieur des mines et professeur de chimie industrielle de la ville de Clemont-Ferrand.<\/p>\n<p>En 1838, M. Lecoq concluait ainsi sa publication sur les eaux de Grandrif : \u00ab\u00a0(cete eau)\u00a0<em><strong>doit \u00eatre consid\u00e9r\u00e9e comme gazeuse par excellence, puisqu&rsquo;elle contient pr\u00e8s du double de la quantit\u00e9 de gaz que renferme l&rsquo;eau naturelle de Seltz, qui cependant est la plus c\u00e9l\u00e8bre de toutes. Mais ind\u00e9pendamment de ses propri\u00e9t\u00e9s m\u00e9dicinales, sa saveur agr\u00e9able devra la faire reconnaitre parmi toutes les autres eaux de ce genre<\/strong>\u00ab\u00a0<\/em><\/p>\n<p>Le Ministre de l&rsquo;agriculture et du commerce a alors voulu faire confirmer ces r\u00e9sultats par l&rsquo;Acad\u00e9mie imp\u00e9riale de m\u00e9decine avant d&rsquo;autoriser l&rsquo;exploitation de l&rsquo;eau de La Jarpe. La nouvelle analyse men\u00e9e \u00e0 cette occasion ainsi que les deux pr\u00e9cedentes ont alors vu leurs conclusions adopt\u00e9es \u00e0 l&rsquo;unanimit\u00e9 par l&rsquo;Acad\u00e9mie dans sa s\u00e9ance du 17 janvier 1854.<\/p>\n<p>La source de La Jarpe, \u00ab\u00a0<strong>Perle des eaux de table\u00a0\u00bb<\/strong>\u00a0a \u00e9t\u00e9 exploit\u00e9e de 1855 \u00e0 1870 environ en m\u00eame temps que des thermes ont exist\u00e9 \u00e0 proximit\u00e9.<\/p>\n<p>Apr\u00e8s l&rsquo;arr\u00eat de l&rsquo;exploitation et pendant de nombreuses ann\u00e9es, les habitants de la commune ont continu\u00e9 de venir \u00e0 la source pour y puiser l&rsquo;eau pour leur consommation personnelle.<\/p>\n<p>Depuis maintenant des d\u00e9cennies, le site \u00e9tait \u00e0 l&rsquo;abandon, envahi par la v\u00e9g\u00e9tation et inaccessible.<\/p>\n<p>&nbsp;<\/p>\n<p><img loading=\"lazy\" decoding=\"async\" src=\"https:\/\/www.lesamisdegrandrif.fr\/old\/images\/lajarpe\/Etiquette3m.jpg\" alt=\"\" width=\"607\" height=\"332\" \/><\/p>\n<p>L&rsquo;\u00e9tiquette de l&rsquo;\u00e9poque<\/p>\n<p><img loading=\"lazy\" decoding=\"async\" src=\"https:\/\/www.lesamisdegrandrif.fr\/old\/images\/lajarpe\/La%20sourcem.jpg\" alt=\"\" width=\"225\" height=\"400\" \/><\/p>\n<p>La source actuellement<\/p>\n<p><img loading=\"lazy\" decoding=\"async\" src=\"https:\/\/www.lesamisdegrandrif.fr\/old\/images\/lajarpe\/La%20voutem.jpg\" alt=\"\" width=\"225\" height=\"400\" \/><\/p>\n<p>La voute envahie par la v\u00e9g\u00e9tation<\/p>\n<p><img loading=\"lazy\" decoding=\"async\" src=\"https:\/\/www.lesamisdegrandrif.fr\/old\/images\/lajarpe\/La%20Montagne%2020181001m.jpg\" alt=\"\" width=\"278\" height=\"400\" \/><\/p>\n<p>La Montagne 01-10-2018<\/p>\n<p>Cliquez sur le lien pour acc\u00e9der \u00e0 l&rsquo;article du journal :<\/p>\n<p><a href=\"https:\/\/www.lamontagne.fr\/grandrif\/2018\/10\/01\/un-projet-de-rehabilitation-de-lensemble-du-site-a-ete-lance-a-linitiative-des-amis-de-grandrif_13000343.html\" target=\"_blank\" rel=\"noopener noreferrer\">\u00a0www.lamontagne.fr\/grandrif\/2018\/10\/01un-projet-de-rehabilitation-de-lensemble-du-site-a-ete-lance-a-linitiative-des-amis-de-grandrif_13000343.html<\/a><\/p>\n<p><img loading=\"lazy\" decoding=\"async\" src=\"https:\/\/www.lesamisdegrandrif.fr\/old\/images\/lajarpe\/Gazette%20une%20recadr%C3%A9e%20m.jpg\" alt=\"\" width=\"400\" height=\"237\" \/><\/p>\n<p><img loading=\"lazy\" decoding=\"async\" src=\"https:\/\/www.lesamisdegrandrif.fr\/old\/images\/lajarpe\/Gazette%20article%201%20m.jpg\" alt=\"\" width=\"400\" height=\"269\" \/><\/p>\n<p><img loading=\"lazy\" decoding=\"async\" src=\"https:\/\/www.lesamisdegrandrif.fr\/old\/images\/lajarpe\/Gazete%20article%202%20m.jpg\" alt=\"\" width=\"309\" height=\"400\" \/><\/p>\n<p>&nbsp;<\/p>\n<p>&nbsp;<\/p>\n<p><img loading=\"lazy\" decoding=\"async\" src=\"https:\/\/www.lesamisdegrandrif.fr\/old\/images\/lajarpe\/Entr%C3%A9e%20voute.JPG\" alt=\"\" width=\"400\" height=\"266\" \/><\/p>\n<p>L&rsquo;entr\u00e9e de la voute abritant la source<\/p>\n<p><img loading=\"lazy\" decoding=\"async\" src=\"https:\/\/www.lesamisdegrandrif.fr\/old\/images\/lajarpe\/Voutem.JPG\" alt=\"\" width=\"400\" height=\"266\" \/><\/p>\n<p>La voute<\/p>\n<p><img loading=\"lazy\" decoding=\"async\" src=\"https:\/\/www.lesamisdegrandrif.fr\/old\/images\/lajarpe\/Ruine%20des%20Therrmes.JPG\" alt=\"\" width=\"400\" height=\"266\" \/><\/p>\n<p>Vestige du batiment des Thermes<\/p>\n<p><img loading=\"lazy\" decoding=\"async\" src=\"https:\/\/www.lesamisdegrandrif.fr\/old\/images\/lajarpe\/les%20therrmes.jpg\" alt=\"\" width=\"398\" height=\"400\" \/><\/p>\n<p>Les Thermes<\/p>\n<p>&nbsp;<\/p>\n<p><img loading=\"lazy\" decoding=\"async\" src=\"https:\/\/www.lesamisdegrandrif.fr\/old\/images\/lajarpe\/Resized_20181010_171829m.jpg\" alt=\"\" width=\"400\" height=\"225\" \/><\/p>\n<p><img loading=\"lazy\" decoding=\"async\" src=\"https:\/\/www.lesamisdegrandrif.fr\/old\/images\/lajarpe\/20181010%20captage1m.jpg\" alt=\"\" width=\"400\" height=\"225\" \/><\/p>\n<p>Apr\u00e8s de nombreux coups de pelles et de pioches pour \u00e9vacuer les \u00e9boulis, le captage est mis \u00e0 jour<\/p>\n<p>&nbsp;<\/p>\n<p><img loading=\"lazy\" decoding=\"async\" src=\"https:\/\/www.lesamisdegrandrif.fr\/old\/images\/lajarpe\/Int%C3%A9rieur%20voute%20photom.JPG\" alt=\"\" width=\"400\" height=\"228\" \/><\/p>\n<p>&nbsp;<\/p>\n<p><img loading=\"lazy\" decoding=\"async\" src=\"https:\/\/www.lesamisdegrandrif.fr\/old\/images\/lajarpe\/JT.jpg\" alt=\"\" width=\"217\" height=\"121\" \/><\/p>\n<p><strong>Retrouvez l&rsquo;int\u00e9gralit\u00e9 du reportage de Nathalie Chiesa et Patrick Delannes diffus\u00e9 le 5 novembre au JT de 13h sur TF1\u00a0 :<\/strong><\/p>\n<div style=\"width: 640px;\" class=\"wp-video\"><video class=\"wp-video-shortcode\" id=\"video-44-1\" width=\"640\" height=\"360\" preload=\"metadata\" controls=\"controls\"><source type=\"video\/mp4\" src=\"https:\/\/www.lesamisdegrandrif.fr\/wp-content\/uploads\/2019\/03\/Extrait-Jt-Jarpe.mp4?_=1\" \/><a href=\"https:\/\/www.lesamisdegrandrif.fr\/wp-content\/uploads\/2019\/03\/Extrait-Jt-Jarpe.mp4\">https:\/\/www.lesamisdegrandrif.fr\/wp-content\/uploads\/2019\/03\/Extrait-Jt-Jarpe.mp4<\/a><\/video><\/div>\n<p>&nbsp;<\/p>\n<p>&nbsp;<\/p>\n","protected":false},"excerpt":{"rendered":"<p>&nbsp; \u00a0 \u00a0 \u00a0 \u00a0 \u00a0 \u00a0 \u00a0 \u00a0 \u00a0 \u00a0 \u00a0 \u00a0 \u00a0 \u00a0 \u00a0 \u00a0 \u00a0 \u00a0 \u00a0 \u00a0 \u00a0 \u00a0 \u00a0 \u00a0 \u00a0 \u00a0 \u00a0 \u00a0 \u00a0 \u00a0 \u00a0La Montagne 15-01-2023 &nbsp; Les Amis de Grandrif et la source de La Jarpe au village de la cyclo Les Copains-Cyfac les 2 et &hellip;<\/p>\n","protected":false},"author":5,"featured_media":0,"parent":0,"menu_order":0,"comment_status":"closed","ping_status":"closed","template":"","meta":{"_seopress_robots_primary_cat":"","_seopress_titles_title":"","_seopress_titles_desc":"","_seopress_robots_index":"","_mc_calendar":[],"footnotes":""},"class_list":["post-44","page","type-page","status-publish","hentry"],"_links":{"self":[{"href":"https:\/\/www.lesamisdelajarpe.fr\/index.php\/wp-json\/wp\/v2\/pages\/44","targetHints":{"allow":["GET"]}}],"collection":[{"href":"https:\/\/www.lesamisdelajarpe.fr\/index.php\/wp-json\/wp\/v2\/pages"}],"about":[{"href":"https:\/\/www.lesamisdelajarpe.fr\/index.php\/wp-json\/wp\/v2\/types\/page"}],"author":[{"embeddable":true,"href":"https:\/\/www.lesamisdelajarpe.fr\/index.php\/wp-json\/wp\/v2\/users\/5"}],"replies":[{"embeddable":true,"href":"https:\/\/www.lesamisdelajarpe.fr\/index.php\/wp-json\/wp\/v2\/comments?post=44"}],"version-history":[{"count":25,"href":"https:\/\/www.lesamisdelajarpe.fr\/index.php\/wp-json\/wp\/v2\/pages\/44\/revisions"}],"predecessor-version":[{"id":2113,"href":"https:\/\/www.lesamisdelajarpe.fr\/index.php\/wp-json\/wp\/v2\/pages\/44\/revisions\/2113"}],"wp:attachment":[{"href":"https:\/\/www.lesamisdelajarpe.fr\/index.php\/wp-json\/wp\/v2\/media?parent=44"}],"curies":[{"name":"wp","href":"https:\/\/api.w.org\/{rel}","templated":true}]}}