{"id":633,"date":"2019-08-10T17:45:36","date_gmt":"2019-08-10T15:45:36","guid":{"rendered":"https:\/\/www.lesamisdegrandrif.fr\/?page_id=633"},"modified":"2020-03-04T11:55:58","modified_gmt":"2020-03-04T10:55:58","slug":"loto-dete","status":"publish","type":"page","link":"https:\/\/www.lesamisdelajarpe.fr\/index.php\/loto-dete\/","title":{"rendered":"Loto d&rsquo;\u00e9t\u00e9 2019"},"content":{"rendered":"<p>Le 3 ao\u00fbt 2019<\/p>\n<p><img loading=\"lazy\" decoding=\"async\" class=\"alignnone wp-image-639\" src=\"https:\/\/www.lesamisdegrandrif.fr\/wp-content\/uploads\/2019\/08\/DSC_0498-300x199.jpg\" alt=\"\" width=\"409\" height=\"271\" srcset=\"https:\/\/www.lesamisdelajarpe.fr\/wp-content\/uploads\/2019\/08\/DSC_0498-300x199.jpg 300w, https:\/\/www.lesamisdelajarpe.fr\/wp-content\/uploads\/2019\/08\/DSC_0498-768x511.jpg 768w, https:\/\/www.lesamisdelajarpe.fr\/wp-content\/uploads\/2019\/08\/DSC_0498-1024x681.jpg 1024w, https:\/\/www.lesamisdelajarpe.fr\/wp-content\/uploads\/2019\/08\/DSC_0498-800x532.jpg 800w\" sizes=\"auto, (max-width: 409px) 100vw, 409px\" \/> <img loading=\"lazy\" decoding=\"async\" class=\"alignnone wp-image-641\" src=\"https:\/\/www.lesamisdegrandrif.fr\/wp-content\/uploads\/2019\/08\/DSC_0500-300x199.jpg\" alt=\"\" width=\"409\" height=\"271\" srcset=\"https:\/\/www.lesamisdelajarpe.fr\/wp-content\/uploads\/2019\/08\/DSC_0500-300x199.jpg 300w, https:\/\/www.lesamisdelajarpe.fr\/wp-content\/uploads\/2019\/08\/DSC_0500-768x511.jpg 768w, https:\/\/www.lesamisdelajarpe.fr\/wp-content\/uploads\/2019\/08\/DSC_0500-1024x681.jpg 1024w, https:\/\/www.lesamisdelajarpe.fr\/wp-content\/uploads\/2019\/08\/DSC_0500-800x532.jpg 800w\" sizes=\"auto, (max-width: 409px) 100vw, 409px\" \/> <img loading=\"lazy\" decoding=\"async\" class=\"alignnone wp-image-642\" src=\"https:\/\/www.lesamisdegrandrif.fr\/wp-content\/uploads\/2019\/08\/DSC_0501-300x199.jpg\" alt=\"\" width=\"403\" height=\"267\" srcset=\"https:\/\/www.lesamisdelajarpe.fr\/wp-content\/uploads\/2019\/08\/DSC_0501-300x199.jpg 300w, https:\/\/www.lesamisdelajarpe.fr\/wp-content\/uploads\/2019\/08\/DSC_0501-768x511.jpg 768w, https:\/\/www.lesamisdelajarpe.fr\/wp-content\/uploads\/2019\/08\/DSC_0501-1024x681.jpg 1024w, https:\/\/www.lesamisdelajarpe.fr\/wp-content\/uploads\/2019\/08\/DSC_0501-800x532.jpg 800w\" sizes=\"auto, (max-width: 403px) 100vw, 403px\" \/> <img loading=\"lazy\" decoding=\"async\" class=\"alignnone wp-image-643\" src=\"https:\/\/www.lesamisdegrandrif.fr\/wp-content\/uploads\/2019\/08\/DSC_0502-300x199.jpg\" alt=\"\" width=\"409\" height=\"271\" srcset=\"https:\/\/www.lesamisdelajarpe.fr\/wp-content\/uploads\/2019\/08\/DSC_0502-300x199.jpg 300w, https:\/\/www.lesamisdelajarpe.fr\/wp-content\/uploads\/2019\/08\/DSC_0502-768x511.jpg 768w, https:\/\/www.lesamisdelajarpe.fr\/wp-content\/uploads\/2019\/08\/DSC_0502-1024x681.jpg 1024w, https:\/\/www.lesamisdelajarpe.fr\/wp-content\/uploads\/2019\/08\/DSC_0502-800x532.jpg 800w\" sizes=\"auto, (max-width: 409px) 100vw, 409px\" \/> <img loading=\"lazy\" decoding=\"async\" class=\"alignnone wp-image-644\" src=\"https:\/\/www.lesamisdegrandrif.fr\/wp-content\/uploads\/2019\/08\/DSC_0503-300x199.jpg\" alt=\"\" width=\"408\" height=\"271\" srcset=\"https:\/\/www.lesamisdelajarpe.fr\/wp-content\/uploads\/2019\/08\/DSC_0503-300x199.jpg 300w, https:\/\/www.lesamisdelajarpe.fr\/wp-content\/uploads\/2019\/08\/DSC_0503-768x511.jpg 768w, https:\/\/www.lesamisdelajarpe.fr\/wp-content\/uploads\/2019\/08\/DSC_0503-1024x681.jpg 1024w, https:\/\/www.lesamisdelajarpe.fr\/wp-content\/uploads\/2019\/08\/DSC_0503-800x532.jpg 800w\" sizes=\"auto, (max-width: 408px) 100vw, 408px\" \/> <img loading=\"lazy\" decoding=\"async\" class=\"alignnone wp-image-645\" src=\"https:\/\/www.lesamisdegrandrif.fr\/wp-content\/uploads\/2019\/08\/DSC_0504-300x199.jpg\" alt=\"\" width=\"404\" height=\"268\" srcset=\"https:\/\/www.lesamisdelajarpe.fr\/wp-content\/uploads\/2019\/08\/DSC_0504-300x199.jpg 300w, https:\/\/www.lesamisdelajarpe.fr\/wp-content\/uploads\/2019\/08\/DSC_0504-768x511.jpg 768w, https:\/\/www.lesamisdelajarpe.fr\/wp-content\/uploads\/2019\/08\/DSC_0504-1024x681.jpg 1024w, https:\/\/www.lesamisdelajarpe.fr\/wp-content\/uploads\/2019\/08\/DSC_0504-800x532.jpg 800w\" sizes=\"auto, (max-width: 404px) 100vw, 404px\" \/> <img loading=\"lazy\" decoding=\"async\" class=\" wp-image-646 aligncenter\" src=\"https:\/\/www.lesamisdegrandrif.fr\/wp-content\/uploads\/2019\/08\/DSC_0507-300x199.jpg\" alt=\"\" width=\"410\" height=\"272\" srcset=\"https:\/\/www.lesamisdelajarpe.fr\/wp-content\/uploads\/2019\/08\/DSC_0507-300x199.jpg 300w, https:\/\/www.lesamisdelajarpe.fr\/wp-content\/uploads\/2019\/08\/DSC_0507-768x511.jpg 768w, https:\/\/www.lesamisdelajarpe.fr\/wp-content\/uploads\/2019\/08\/DSC_0507-1024x681.jpg 1024w, https:\/\/www.lesamisdelajarpe.fr\/wp-content\/uploads\/2019\/08\/DSC_0507-800x532.jpg 800w\" sizes=\"auto, (max-width: 410px) 100vw, 410px\" \/><\/p>\n","protected":false},"excerpt":{"rendered":"<p>Le 3 ao\u00fbt 2019<\/p>\n","protected":false},"author":2,"featured_media":0,"parent":0,"menu_order":0,"comment_status":"closed","ping_status":"closed","template":"","meta":{"_seopress_robots_primary_cat":"","_seopress_titles_title":"","_seopress_titles_desc":"","_seopress_robots_index":"","_mc_calendar":[],"footnotes":""},"class_list":["post-633","page","type-page","status-publish","hentry"],"_links":{"self":[{"href":"https:\/\/www.lesamisdelajarpe.fr\/index.php\/wp-json\/wp\/v2\/pages\/633","targetHints":{"allow":["GET"]}}],"collection":[{"href":"https:\/\/www.lesamisdelajarpe.fr\/index.php\/wp-json\/wp\/v2\/pages"}],"about":[{"href":"https:\/\/www.lesamisdelajarpe.fr\/index.php\/wp-json\/wp\/v2\/types\/page"}],"author":[{"embeddable":true,"href":"https:\/\/www.lesamisdelajarpe.fr\/index.php\/wp-json\/wp\/v2\/users\/2"}],"replies":[{"embeddable":true,"href":"https:\/\/www.lesamisdelajarpe.fr\/index.php\/wp-json\/wp\/v2\/comments?post=633"}],"version-history":[{"count":5,"href":"https:\/\/www.lesamisdelajarpe.fr\/index.php\/wp-json\/wp\/v2\/pages\/633\/revisions"}],"predecessor-version":[{"id":927,"href":"https:\/\/www.lesamisdelajarpe.fr\/index.php\/wp-json\/wp\/v2\/pages\/633\/revisions\/927"}],"wp:attachment":[{"href":"https:\/\/www.lesamisdelajarpe.fr\/index.php\/wp-json\/wp\/v2\/media?parent=633"}],"curies":[{"name":"wp","href":"https:\/\/api.w.org\/{rel}","templated":true}]}}